4142207 prime?
False
Is 12247999 composite?
True
Is 178808023 a prime number?
False
Is 196710539 prime?
True
Is 248172245 composite?
True
Is 33330589 composite?
True
Is 2109011 composite?
False
Is 4178021 a prime number?
True
Is 1402321 composite?
True
Is 2920871 a prime number?
True
Is 2285891 composite?
False
Is 156454231 prime?
True
Is 379856255 prime?
False
Is 2490809 composite?
False
Is 459104419 prime?
False
Is 12796561 a composite number?
True
Is 2339599 a composite number?
True
Is 7121 composite?
False
Is 9536213 prime?
True
Is 6395471 composite?
False
Is 1243874 a prime number?
False
Is 7977835 a composite number?
True
Is 69590839 prime?
False
Is 467988649 prime?
False
Is 88459 a composite number?
True
Is 9135509 composite?
True
Is 50041367 composite?
True
Is 1956257 prime?
True
Is 1477049 prime?
False
Is 1684531 composite?
False
Is 33253039 prime?
True
Is 16895647 prime?
False
Is 2076869 a prime number?
True
Is 6859051 composite?
True
Is 74559223 composite?
False
Is 66770531 a composite number?
False
Is 3337207 prime?
False
Is 15622469 prime?
True
Is 153118363 a composite number?
True
Is 16482509 prime?
True
Is 3267623 composite?
False
Is 277600909 a composite number?
True
Is 56966719 a composite number?
False
Is 1996849 composite?
False
Is 43719747 a composite number?
True
Is 16502051 composite?
True
Is 147230579 composite?
False
Is 22778911 prime?
True
Is 32360717 prime?
True
Is 6419771 prime?
False
Is 87176521 a composite number?
False
Is 202051639 a prime number?
True
Is 48279481 composite?
True
Is 154873853 composite?
True
Is 301211 prime?
True
Is 18759443 prime?
True
Is 12540691 a composite number?
False
Is 165683263 prime?
True
Is 543574 a composite number?
True
Is 186197711 prime?
False
Is 1624339 prime?
False
Is 52752253 composite?
False
Is 358793 a composite number?
False
Is 7904857 composite?
False
Is 1534367 composite?
True
Is 2387687 a prime number?
True
Is 15699349 composite?
False
Is 260806957 a prime number?
False
Is 3480689 a composite number?
True
Is 13542163 prime?
False
Is 35113879 prime?
True
Is 2739577 a prime number?
True
Is 58723271 prime?
True
Is 83235953 composite?
False
Is 1713737 prime?
True
Is 1971799 a composite number?
False
Is 877231 a prime number?
False
Is 78825041 a composite number?
False
Is 20269961 a prime number?
True
Is 12006395 a composite number?
True
Is 423670355 composite?
True
Is 43249963 prime?
True
Is 10445077 a prime number?
True
Is 28662319 prime?
False
Is 1136339 prime?
True
Is 571213 composite?
True
Is 5534411 a composite number?
False
Is 78884951 a prime number?
True
Is 1769041 a prime number?
True
Is 14492395 a prime number?
False
Is 5193977 a prime number?
True
Is 65832859 composite?
False
Is 1344971 a prime number?
False
Is 38443 prime?
False
Is 6695081 a composite number?
False
Is 12198929 a prime number?
True
Is 3447523 a composite number?
False
Is 758123 a prime number?
False
Is 279468307 composite?
False
Is 123869009 a prime number?
False
Is 32210411 composite?
True
Is 8102537 a prime number?
True
Is 574043 prime?
False
Is 10798433 prime?
True
Is 348939779 composite?
True
Is 4950467 prime?
True
Is 219973 composite?
True
Is 34543799 a prime number?
True
Is 3445243 a composite number?
True
Is 7544371 composite?
True
Is 374194111 composite?
False
Is 7229639 prime?
True
Is 24390307 composite?
False
Is 673891 prime?
True
Is 13540847 composite?
True
Is 350659 composite?
True
Is 2633165 prime?
False
Is 27484049 a composite number?
True
Is 179034209 composite?
True
Is 91132429 composite?
False
Is 20810177 a prime number?
True
Is 6149042 a composite number?
True
Is 2353787 a prime number?
True
Is 13864967 composite?
True
Is 6203357 a composite number?
False
Is 12657355 a composite number?
True
Is 3468019 a composite number?
False
Is 26318473 composite?
True
Is 4509611 a composite number?
True
Is 13710757 a composite number?
True
Is 17987351 composite?
False
Is 7011959 prime?
False
Is 5809829 composite?
False
Is 225257 prime?
True
Is 855902741 prime?
True
Is 1512827 a prime number?
True
Is 85920365 prime?
False
Is 14685959 prime?
False
Is 2793643 prime?
True
Is 5711 prime?
True
Is 1390189 a composite number?
True
Is 87666715 composite?
True
Is 2317433 prime?
True
Is 16489261 a composite number?
True
Is 6672547 prime?
False
Is 15129599 a prime number?
True
Is 116646323 a composite number?
True
Is 15105949 a composite number?
False
Is 2180467 composite?
False
Is 140464963 a composite number?
True
Is 8003167 a composite number?
False
Is 230582437 a prime number?
True
Is 542541 a prime number?
False
Is 20253887 a prime number?
True
Is 879743 a composite number?
False
Is 4640249 prime?
True
Is 644723 a prime number?
False
Is 1375337 prime?
True
Is 1046329 a composite number?
False
Is 114354707 composite?
False
Is 23229731 prime?
False
Is 23899895 prime?
False
Is 46934081 a prime number?
True
Is 4675477 composite?
False
Is 15080537 a prime number?
True
Is 19330249 composite?
False
Is 19305731 a composite number?
True
Is 2933089 a composite number?
True
Is 190008943 prime?
True
Is 7812635 composite?
True
Is 1618501 composite?
False
Is 25189181 a composite number?
False
Is 18844723 prime?
True
Is 370706342 a prime number?
False
Is 2140167 a composite number?
True
Is 43193473 composite?
False
Is 178313701 prime?
True
Is 9575057 composite?
True
Is 11415373 prime?
False
Is 68833057 a prime number?
True
Is 32783639 a prime number?
False
Is 41486169 prime?
False
Is 370882157 prime?
True
Is 168499 prime?
True
Is 20774879 a composite number?
True
Is 9173 a composite number?
False
Is 36713939 a composite number?
False
Is 1736363 a prime number?
False
Is 654349 prime?
True
Is 120354289 a composite number?
True
Is 382933 a prime number?
True
Is 3115037 a prime number?
False
Is 597847 prime?
False
Is 7812487 composite?
False
Is 11186179 prime?
False
Is 16636229 prime?
False
Is 669343 composite?
True
Is 10692663 a composite number?
True
Is 14791741 a composite number?
True
Is 621997 composite?
False
Is 784261 prime?
False
Is 331156145 composite?
True
Is 125051495 composite?
True
Is 8752337 a composite number?
True
Is 6137797 a composite number?
False
Is 60213499 a composite number?
False
Is 127462009 prime?
True
Is 19129133 a composite number?
True
Is 34297309 prime?
False
Is 746397467 prime?
True
Is 1722839 a composite number?
False
Is 348569 a composite number?
True
Is 6494443 a composite number?
False
Is 12080141 a composite number?
False
Is 4017935 composite?
True
Is 749773 a prime number?
True
Is 28924997 prime?
True
Is 664413767 prime?
True
Is 240321 composite?
True
Is 18802843 a composite number?
True
Is 10587391 a prime number?
True
Is 51312853 a composite number?
True
Is 862157 prime?
True
Is 36708559 a prime number?
False
Is 2147569 composite?
False
Is 26443601 a composite number?
False
Is 3610169 a prime number?
True
Is 26901389 a prime number?
True
Is 47550857 a prime number?
False
Is 155992301 composite?
False
Is 6614221 a composite number?
False
Is 9229237 composite?
False
Is 7475909 composite?
True
Is 326486 a prime number?
False
Is 1194997 a prime number?
True
Is 7281003 prime?
False
Is 113474567 composite?
False
Is 64285313 composite?
True
Is 457573 a prime number?
False
Is 6638459 a composite number?
False
Is 3611281 composite?
False
Is 114818827 prime?
True
Is 703308737 a composite number?
False
Is 139419433 composite?
False
Is 1397351 a prime number?
False
Is 31778881 prime?
False
Is 181733887 composite?
False
Is 68242399 composite?
False
Is 14061899 a composite number?
True
Is 791159 a prime number?
True
Is 1028939 a composite number?
False
Is 1853729 a prime number?
False
Is 97063937 a prime number?
True
Is 11222234 composite?
True
Is 79248941 a prime number?
False
Is 35966863 prime?
True
Is 20745731 prime?
False
Is 422029 composite?
False
Is 62462401 a composite number?
True
Is 25965721 a prime number?
True
Is 40764431 prime?
True
Is 1377713 prime?
True
Is 5800237 prime?
True
Is 9360007 a prime number?
True
Is 86225417 a composite number?
True
Is 147127003 a composite number?
True
Is 127533223 a composite number?
True
Is 344139067 prime?
True
Is 97627 a composite number?
True
Is 3661393 a prime number?
False
Is 157607173 a composite number?
True
Is 74219351 prime?
True
Is 51710